{"id":10,"date":"2019-03-13T18:17:22","date_gmt":"2019-03-13T16:17:22","guid":{"rendered":"http:\/\/artsea.fi\/?page_id=10"},"modified":"2019-03-20T21:00:44","modified_gmt":"2019-03-20T19:00:44","slug":"tietoja","status":"publish","type":"page","link":"https:\/\/artsea.fi\/?page_id=10","title":{"rendered":"Workshps"},"content":{"rendered":"\n<p>Teen r\u00e4\u00e4t\u00e4l\u00f6ityj\u00e4 taidekerhoja ja tapahtumia pienryhmille.<\/p>\n\n\n\n<p>S\u00e4hk\u00f6postiosoitteesta nadja@artsea.fi voi tiedustella pienryhm\u00e4tunteja.<\/p>\n\n\n\n<p>Syntym\u00e4p\u00e4iv\u00e4t ja muut tapahtumat pienryhmiss\u00e4 onnistuvat my\u00f6skin mainiosti. Ryhm\u00e4koko riippu v\u00e4h\u00e4n aiheesta ja osallistujien i\u00e4st\u00e4.  Hinta m\u00e4\u00e4r\u00e4ytyy my\u00f6skin ryhm\u00e4koon, aiheen ja keston mukaan. <\/p>\n\n\n\n<p>Ota rohkeasti yhteytt\u00e4!<\/p>\n\n\n\n<p>Yst\u00e4v\u00e4llisin terveisin,<\/p>\n\n\n\n<p>Nadja<br>nadja@artsea.fi<\/p>\n","protected":false},"excerpt":{"rendered":"<p>Teen r\u00e4\u00e4t\u00e4l\u00f6ityj\u00e4 taidekerhoja ja tapahtumia pienryhmille. S\u00e4hk\u00f6postiosoitteesta nadja@artsea.fi voi tiedustella pienryhm\u00e4tunteja. Syntym\u00e4p\u00e4iv\u00e4t ja muut tapahtumat pienryhmiss\u00e4 onnistuvat my\u00f6skin mainiosti. Ryhm\u00e4koko riippu v\u00e4h\u00e4n aiheesta ja osallistujien i\u00e4st\u00e4. Hinta m\u00e4\u00e4r\u00e4ytyy my\u00f6skin ryhm\u00e4koon, aiheen ja keston mukaan. Ota rohkeasti yhteytt\u00e4! Yst\u00e4v\u00e4llisin terveisin, Nadjanadja@artsea.fi<\/p>\n","protected":false},"author":2,"featured_media":0,"parent":0,"menu_order":0,"comment_status":"closed","ping_status":"closed","template":"","meta":{"footnotes":""},"class_list":["post-10","page","type-page","status-publish","hentry"],"_links":{"self":[{"href":"https:\/\/artsea.fi\/index.php?rest_route=\/wp\/v2\/pages\/10","targetHints":{"allow":["GET"]}}],"collection":[{"href":"https:\/\/artsea.fi\/index.php?rest_route=\/wp\/v2\/pages"}],"about":[{"href":"https:\/\/artsea.fi\/index.php?rest_route=\/wp\/v2\/types\/page"}],"author":[{"embeddable":true,"href":"https:\/\/artsea.fi\/index.php?rest_route=\/wp\/v2\/users\/2"}],"replies":[{"embeddable":true,"href":"https:\/\/artsea.fi\/index.php?rest_route=%2Fwp%2Fv2%2Fcomments&post=10"}],"version-history":[{"count":10,"href":"https:\/\/artsea.fi\/index.php?rest_route=\/wp\/v2\/pages\/10\/revisions"}],"predecessor-version":[{"id":135,"href":"https:\/\/artsea.fi\/index.php?rest_route=\/wp\/v2\/pages\/10\/revisions\/135"}],"wp:attachment":[{"href":"https:\/\/artsea.fi\/index.php?rest_route=%2Fwp%2Fv2%2Fmedia&parent=10"}],"curies":[{"name":"wp","href":"https:\/\/api.w.org\/{rel}","templated":true}]}}