{"id":112,"date":"2019-03-20T20:17:33","date_gmt":"2019-03-20T18:17:33","guid":{"rendered":"http:\/\/artsea.fi\/?page_id=112"},"modified":"2019-05-24T23:28:36","modified_gmt":"2019-05-24T20:28:36","slug":"luontoaiheiset-taulut","status":"publish","type":"page","link":"https:\/\/artsea.fi\/?page_id=112","title":{"rendered":"Luontoaiheiset taulut"},"content":{"rendered":"\n<figure class=\"wp-block-image\"><img loading=\"lazy\" decoding=\"async\" width=\"240\" height=\"300\" src=\"http:\/\/artsea.fi\/wp-content\/uploads\/2019\/03\/IMG_4155-240x300.jpg\" alt=\"Takiainen\" class=\"wp-image-42\" srcset=\"https:\/\/artsea.fi\/wp-content\/uploads\/2019\/03\/IMG_4155-240x300.jpg 240w, https:\/\/artsea.fi\/wp-content\/uploads\/2019\/03\/IMG_4155.jpg 513w\" sizes=\"auto, (max-width: 240px) 85vw, 240px\" \/><figcaption>Takiainen, Kardborre, Burdrock 2018, Akryyli,  koko: 46 x 38 cm. Myyty\/Sold.<\/figcaption><\/figure>\n\n\n\n<figure class=\"wp-block-image\"><img loading=\"lazy\" decoding=\"async\" width=\"225\" height=\"300\" src=\"http:\/\/artsea.fi\/wp-content\/uploads\/2019\/03\/IMG_0131-e1553107460578-225x300.jpg\" alt=\"Ruohosipuli\" class=\"wp-image-130\" srcset=\"https:\/\/artsea.fi\/wp-content\/uploads\/2019\/03\/IMG_0131-e1553107460578-225x300.jpg 225w, https:\/\/artsea.fi\/wp-content\/uploads\/2019\/03\/IMG_0131-e1553107460578.jpg 480w\" sizes=\"auto, (max-width: 225px) 85vw, 225px\" \/><figcaption>Ruohosipuli, Gr\u00e4sl\u00f6k, Chives\n2018, Akryyli \nkoko: 100&#215;70 cm \n\u20ac 190<\/figcaption><\/figure>\n\n\n\n<figure class=\"wp-block-image\"><img loading=\"lazy\" decoding=\"async\" width=\"234\" height=\"300\" src=\"http:\/\/artsea.fi\/wp-content\/uploads\/2019\/03\/IMG_4539-234x300.jpg\" alt=\"\" class=\"wp-image-45\" srcset=\"https:\/\/artsea.fi\/wp-content\/uploads\/2019\/03\/IMG_4539-234x300.jpg 234w, https:\/\/artsea.fi\/wp-content\/uploads\/2019\/03\/IMG_4539.jpg 499w\" sizes=\"auto, (max-width: 234px) 85vw, 234px\" \/><figcaption>Pioni, Pion, Peony \t\t\t\t\n2018, Akryyli \nkoko: 41 x 33 cm\n\u20ac 90\n<\/figcaption><\/figure>\n\n\n\n<figure class=\"wp-block-image\"><img loading=\"lazy\" decoding=\"async\" width=\"209\" height=\"300\" src=\"http:\/\/artsea.fi\/wp-content\/uploads\/2019\/03\/IMG_5961-209x300.jpg\" alt=\"Basilika\" class=\"wp-image-71\" srcset=\"https:\/\/artsea.fi\/wp-content\/uploads\/2019\/03\/IMG_5961-209x300.jpg 209w, https:\/\/artsea.fi\/wp-content\/uploads\/2019\/03\/IMG_5961.jpg 445w\" sizes=\"auto, (max-width: 209px) 85vw, 209px\" \/><figcaption>Basilika\t\t\t\t\t\n2017, Akryyli \nkoko: 100 x 70 cm\n\u20ac 180\n<\/figcaption><\/figure>\n\n\n\n<figure class=\"wp-block-image\"><img loading=\"lazy\" decoding=\"async\" width=\"226\" height=\"300\" src=\"http:\/\/artsea.fi\/wp-content\/uploads\/2019\/03\/IMG_4131-226x300.jpg\" alt=\"\" class=\"wp-image-74\" srcset=\"https:\/\/artsea.fi\/wp-content\/uploads\/2019\/03\/IMG_4131-226x300.jpg 226w, https:\/\/artsea.fi\/wp-content\/uploads\/2019\/03\/IMG_4131.jpg 483w\" sizes=\"auto, (max-width: 226px) 85vw, 226px\" \/><figcaption>Parvekeistutukset, Balkong Blomma, Flower on the Balcony\t\t\n2018, Akryyli\nkoko: 41 x 33 cm\n\u20ac 80\n<\/figcaption><\/figure>\n\n\n\n<figure class=\"wp-block-image\"><img loading=\"lazy\" decoding=\"async\" width=\"127\" height=\"300\" src=\"http:\/\/artsea.fi\/wp-content\/uploads\/2019\/03\/IMG_4323-127x300.jpg\" alt=\"Rikkaruoho\" class=\"wp-image-69\" srcset=\"https:\/\/artsea.fi\/wp-content\/uploads\/2019\/03\/IMG_4323-127x300.jpg 127w, https:\/\/artsea.fi\/wp-content\/uploads\/2019\/03\/IMG_4323.jpg 270w\" sizes=\"auto, (max-width: 127px) 85vw, 127px\" \/><figcaption>Rikkaruoho, Ogr\u00e4s, Weed 2018, Akryyli koko: 69,5 x 30 cm, Myyty\/Sold.<\/figcaption><\/figure>\n\n\n\n<figure class=\"wp-block-image\"><img loading=\"lazy\" decoding=\"async\" width=\"243\" height=\"300\" src=\"http:\/\/artsea.fi\/wp-content\/uploads\/2019\/03\/IMG_4144-243x300.jpg\" alt=\"Laventeli\" class=\"wp-image-43\" srcset=\"https:\/\/artsea.fi\/wp-content\/uploads\/2019\/03\/IMG_4144-243x300.jpg 243w, https:\/\/artsea.fi\/wp-content\/uploads\/2019\/03\/IMG_4144.jpg 519w\" sizes=\"auto, (max-width: 243px) 85vw, 243px\" \/><figcaption>Laventeli, Lavendel, Lavender\t\t\t\t\n2018, Akryyli \nkoko: 61 x 50 cm\n\u20ac 125\n<\/figcaption><\/figure>\n\n\n\n<figure class=\"wp-block-image\"><img loading=\"lazy\" decoding=\"async\" width=\"300\" height=\"102\" src=\"http:\/\/artsea.fi\/wp-content\/uploads\/2019\/03\/IMG_5958-300x102.jpg\" alt=\"Pelto\" class=\"wp-image-82\" srcset=\"https:\/\/artsea.fi\/wp-content\/uploads\/2019\/03\/IMG_5958-300x102.jpg 300w, https:\/\/artsea.fi\/wp-content\/uploads\/2019\/03\/IMG_5958.jpg 640w\" sizes=\"auto, (max-width: 300px) 85vw, 300px\" \/><figcaption>Pelto (kahden taulun yhdistelm\u00e4)\t\t\nF\u00e4lt (kombination av tv\u00e5 tavlor)\nField (two painting combination)\n2017, Akryyli\nkoko: 50 x 70 cm x  2kpl\n\u20ac 150\n<\/figcaption><\/figure>\n\n\n\n<figure class=\"wp-block-image\"><img loading=\"lazy\" decoding=\"async\" width=\"300\" height=\"101\" src=\"http:\/\/artsea.fi\/wp-content\/uploads\/2019\/03\/IMG_5989-300x101.jpg\" alt=\"Saari\" class=\"wp-image-81\" srcset=\"https:\/\/artsea.fi\/wp-content\/uploads\/2019\/03\/IMG_5989-300x101.jpg 300w, https:\/\/artsea.fi\/wp-content\/uploads\/2019\/03\/IMG_5989.jpg 640w\" sizes=\"auto, (max-width: 300px) 85vw, 300px\" \/><figcaption>Saari (kahden taulun yhdistelm\u00e4)\t\t\n\u00d6 (kombination av tv\u00e5 tavlor)\nIsland (two painting combination)\t\t\t\n2017, Akryyli\nkoko: 50 x 70 cm  x 2kpl\n\u20ac 140\n<\/figcaption><\/figure>\n\n\n\n<p>Hei,<\/p>\n\n\n\n<p>kaikki tauluni ovat toteutettu akryylimaalilla. Annan mielell\u00e4ni \nteoksista lis\u00e4tietoa. Kaikki kysymykset voi l\u00e4hett\u00e4\u00e4 s\u00e4hk\u00f6postitse \ninfo@artsea.fi.<\/p>\n\n\n\n<p>Valitettavasti ruutu ei toista v\u00e4rej\u00e4 oiken, joten kuvat eiv\u00e4t ole yksi yhteen alkuper\u00e4isen taulun kanssa.<\/p>\n\n\n\n<p>Hinnat sis alv.<\/p>\n\n\n\n<p>Toimituskulut eiv\u00e4t sis\u00e4lly hintaan.<\/p>\n","protected":false},"excerpt":{"rendered":"<p>Hei, kaikki tauluni ovat toteutettu akryylimaalilla. Annan mielell\u00e4ni teoksista lis\u00e4tietoa. Kaikki kysymykset voi l\u00e4hett\u00e4\u00e4 s\u00e4hk\u00f6postitse info@artsea.fi. Valitettavasti ruutu ei toista v\u00e4rej\u00e4 oiken, joten kuvat eiv\u00e4t ole yksi yhteen alkuper\u00e4isen taulun kanssa. Hinnat sis alv. Toimituskulut eiv\u00e4t sis\u00e4lly hintaan.<\/p>\n","protected":false},"author":2,"featured_media":0,"parent":0,"menu_order":0,"comment_status":"closed","ping_status":"closed","template":"","meta":{"footnotes":""},"class_list":["post-112","page","type-page","status-publish","hentry"],"_links":{"self":[{"href":"https:\/\/artsea.fi\/index.php?rest_route=\/wp\/v2\/pages\/112","targetHints":{"allow":["GET"]}}],"collection":[{"href":"https:\/\/artsea.fi\/index.php?rest_route=\/wp\/v2\/pages"}],"about":[{"href":"https:\/\/artsea.fi\/index.php?rest_route=\/wp\/v2\/types\/page"}],"author":[{"embeddable":true,"href":"https:\/\/artsea.fi\/index.php?rest_route=\/wp\/v2\/users\/2"}],"replies":[{"embeddable":true,"href":"https:\/\/artsea.fi\/index.php?rest_route=%2Fwp%2Fv2%2Fcomments&post=112"}],"version-history":[{"count":7,"href":"https:\/\/artsea.fi\/index.php?rest_route=\/wp\/v2\/pages\/112\/revisions"}],"predecessor-version":[{"id":165,"href":"https:\/\/artsea.fi\/index.php?rest_route=\/wp\/v2\/pages\/112\/revisions\/165"}],"wp:attachment":[{"href":"https:\/\/artsea.fi\/index.php?rest_route=%2Fwp%2Fv2%2Fmedia&parent=112"}],"curies":[{"name":"wp","href":"https:\/\/api.w.org\/{rel}","templated":true}]}}