{"id":113,"date":"2019-03-20T20:17:33","date_gmt":"2019-03-20T18:17:33","guid":{"rendered":"http:\/\/artsea.fi\/?page_id=113"},"modified":"2019-05-09T01:17:12","modified_gmt":"2019-05-08T22:17:12","slug":"muita-kivaoja-tauluja","status":"publish","type":"page","link":"https:\/\/artsea.fi\/?page_id=113","title":{"rendered":"Muita kivaoja tauluja"},"content":{"rendered":"\n<figure class=\"wp-block-image is-resized\"><img loading=\"lazy\" decoding=\"async\" src=\"http:\/\/artsea.fi\/wp-content\/uploads\/2019\/05\/IMG_0319.jpg\" alt=\"\" class=\"wp-image-160\" width=\"197\" height=\"300\" srcset=\"https:\/\/artsea.fi\/wp-content\/uploads\/2019\/05\/IMG_0319.jpg 420w, https:\/\/artsea.fi\/wp-content\/uploads\/2019\/05\/IMG_0319-197x300.jpg 197w\" sizes=\"auto, (max-width: 197px) 85vw, 197px\" \/><figcaption>Kaksi Uskollista ja Soutuvene\t\t\n2019, Akryyli\nkoko: 150 x 100 cm\n\u20ac 320<\/figcaption><\/figure>\n\n\n\n<figure class=\"wp-block-image\"><img loading=\"lazy\" decoding=\"async\" width=\"300\" height=\"194\" src=\"http:\/\/artsea.fi\/wp-content\/uploads\/2019\/03\/IMG_7546-300x194.jpg\" alt=\"Tuli\" class=\"wp-image-85\" srcset=\"https:\/\/artsea.fi\/wp-content\/uploads\/2019\/03\/IMG_7546-300x194.jpg 300w, https:\/\/artsea.fi\/wp-content\/uploads\/2019\/03\/IMG_7546.jpg 640w\" sizes=\"auto, (max-width: 300px) 85vw, 300px\" \/><figcaption>Tuoli, Stol, Chair 2019, Akryyli  koko: 100 x 150 cm \u20ac 330<\/figcaption><\/figure>\n\n\n\n<figure class=\"wp-block-image\"><img loading=\"lazy\" decoding=\"async\" width=\"197\" height=\"300\" src=\"http:\/\/artsea.fi\/wp-content\/uploads\/2019\/03\/IMG_8138-197x300.jpg\" alt=\"Where the Streets have no Name I\" class=\"wp-image-41\" srcset=\"https:\/\/artsea.fi\/wp-content\/uploads\/2019\/03\/IMG_8138-197x300.jpg 197w, https:\/\/artsea.fi\/wp-content\/uploads\/2019\/03\/IMG_8138.jpg 421w\" sizes=\"auto, (max-width: 197px) 85vw, 197px\" \/><figcaption>Where the Streets have no Name I  2016, Akryyli koko: 150 x 100 cm. Myyty\/Sold.<\/figcaption><\/figure>\n\n\n\n<figure class=\"wp-block-image\"><img loading=\"lazy\" decoding=\"async\" width=\"300\" height=\"300\" src=\"http:\/\/artsea.fi\/wp-content\/uploads\/2019\/03\/IMG_0132-300x300.jpg\" alt=\"\" class=\"wp-image-139\" srcset=\"https:\/\/artsea.fi\/wp-content\/uploads\/2019\/03\/IMG_0132-300x300.jpg 300w, https:\/\/artsea.fi\/wp-content\/uploads\/2019\/03\/IMG_0132-150x150.jpg 150w, https:\/\/artsea.fi\/wp-content\/uploads\/2019\/03\/IMG_0132.jpg 640w\" sizes=\"auto, (max-width: 300px) 85vw, 300px\" \/><figcaption>Merimaisema 2019 Akryyli Koko: 90&#215;90 cm. Myyty\/Sold.<\/figcaption><\/figure>\n\n\n\n<p>Hei,<\/p>\n\n\n\n<p>kaikki tauluni ovat toteutettu akryylimaalilla. Annan mielell\u00e4ni \nteoksista lis\u00e4tietoa. Kaikki kysymykset voi l\u00e4hett\u00e4\u00e4 s\u00e4hk\u00f6postitse \ninfo@artsea.fi.<\/p>\n\n\n\n<p>Valitettavasti ruutu ei toista v\u00e4rej\u00e4 oiken, joten kuvat eiv\u00e4t ole yksi yhteen alkuper\u00e4isen taulun kanssa.<\/p>\n\n\n\n<p>Hinnat sis alv.<\/p>\n\n\n\n<p>Toimituskulut eiv\u00e4t sis\u00e4lly hintaan ja niist\u00e4 voimme sopia sitten erikseen.<\/p>\n","protected":false},"excerpt":{"rendered":"<p>Hei, kaikki tauluni ovat toteutettu akryylimaalilla. Annan mielell\u00e4ni teoksista lis\u00e4tietoa. Kaikki kysymykset voi l\u00e4hett\u00e4\u00e4 s\u00e4hk\u00f6postitse info@artsea.fi. Valitettavasti ruutu ei toista v\u00e4rej\u00e4 oiken, joten kuvat eiv\u00e4t ole yksi yhteen alkuper\u00e4isen taulun kanssa. Hinnat sis alv. Toimituskulut eiv\u00e4t sis\u00e4lly hintaan ja niist\u00e4 voimme sopia sitten erikseen.<\/p>\n","protected":false},"author":2,"featured_media":0,"parent":0,"menu_order":0,"comment_status":"closed","ping_status":"closed","template":"","meta":{"footnotes":""},"class_list":["post-113","page","type-page","status-publish","hentry"],"_links":{"self":[{"href":"https:\/\/artsea.fi\/index.php?rest_route=\/wp\/v2\/pages\/113","targetHints":{"allow":["GET"]}}],"collection":[{"href":"https:\/\/artsea.fi\/index.php?rest_route=\/wp\/v2\/pages"}],"about":[{"href":"https:\/\/artsea.fi\/index.php?rest_route=\/wp\/v2\/types\/page"}],"author":[{"embeddable":true,"href":"https:\/\/artsea.fi\/index.php?rest_route=\/wp\/v2\/users\/2"}],"replies":[{"embeddable":true,"href":"https:\/\/artsea.fi\/index.php?rest_route=%2Fwp%2Fv2%2Fcomments&post=113"}],"version-history":[{"count":11,"href":"https:\/\/artsea.fi\/index.php?rest_route=\/wp\/v2\/pages\/113\/revisions"}],"predecessor-version":[{"id":164,"href":"https:\/\/artsea.fi\/index.php?rest_route=\/wp\/v2\/pages\/113\/revisions\/164"}],"wp:attachment":[{"href":"https:\/\/artsea.fi\/index.php?rest_route=%2Fwp%2Fv2%2Fmedia&parent=113"}],"curies":[{"name":"wp","href":"https:\/\/api.w.org\/{rel}","templated":true}]}}